rs of 96812.
2, 24203
List the prime factors of 662.
2, 331
What are the prime factors of 1455?
3, 5, 97
What are the prime factors of 3408?
2, 3, 71
What are the prime factors of 1875?
3, 5
What are the prime factors of 5124?
2, 3, 7, 61
List the prime factors of 8455.
5, 19, 89
List the prime factors of 1627.
1627
What are the prime factors of 14345?
5, 19, 151
List the prime factors of 1859.
11, 13
List the prime factors of 49239.
3, 5471
List the prime factors of 4550.
2, 5, 7, 13
List the prime factors of 1029.
3, 7
What are the prime factors of 262?
2, 131
What are the prime factors of 21410?
2, 5, 2141
List the prime factors of 77168.
2, 7, 13, 53
List the prime factors of 2533.
17, 149
What are the prime factors of 1254?
2, 3, 11, 19
What are the prime factors of 3741?
3, 29, 43
List the prime factors of 7402.
2, 3701
List the prime factors of 35692.
2, 8923
List the prime factors of 14108.
2, 3527
List the prime factors of 100801.
100801
List the prime factors of 663.
3, 13, 17
List the prime factors of 22589.
7, 461
What are the prime factors of 50987?
67, 761
What are the prime factors of 595?
5, 7, 17
What are the prime factors of 92654?
2, 46327
What are the prime factors of 523?
523
What are the prime factors of 297?
3, 11
List the prime factors of 1200.
2, 3, 5
List the prime factors of 6970.
2, 5, 17, 41
What are the prime factors of 75773?
75773
List the prime factors of 143714.
2, 181, 397
What are the prime factors of 4301?
11, 17, 23
What are the prime factors of 56?
2, 7
What are the prime factors of 877?
877
List the prime factors of 3789.
3, 421
What are the prime factors of 4727?
29, 163
List the prime factors of 5075.
5, 7, 29
List the prime factors of 8355.
3, 5, 557
What are the prime factors of 620?
2, 5, 31
What are the prime factors of 1214?
2, 607
List the prime factors of 7965.
3, 5, 59
What are the prime factors of 1127?
7, 23
What are the prime factors of 4504?
2, 563
What are the prime factors of 4002?
2, 3, 23, 29
List the prime factors of 2693.
2693
What are the prime factors of 126?
2, 3, 7
What are the prime factors of 26?
2, 13
List the prime factors of 4336.
2, 271
What are the prime factors of 4335?
3, 5, 17
What are the prime factors of 119337?
3, 39779
List the prime factors of 58969.
109, 541
List the prime factors of 35628.
2, 3, 2969
What are the prime factors of 16381?
16381
What are the prime factors of 13976?
2, 1747
List the prime factors of 26187.
3, 7, 29, 43
List the prime factors of 3992.
2, 499
What are the prime factors of 40214?
2, 20107
What are the prime factors of 23367?
3, 7789
What are the prime factors of 9553?
41, 233
List the prime factors of 589.
19, 31
List the prime factors of 87702.
2, 3, 47, 311
List the prime factors of 2024.
2, 11, 23
What are the prime factors of 31003?
7, 43, 103
List the prime factors of 1262.
2, 631
What are the prime factors of 46452?
2, 3, 7, 79
List the prime factors of 21814.
2, 13, 839
What are the prime factors of 12922?
2, 7, 13, 71
List the prime factors of 2970.
2, 3, 5, 11
What are the prime factors of 20014?
2, 10007
What are the prime factors of 13047?
3, 4349
List the prime factors of 101001.
3, 131, 257
What are the prime factors of 4633?
41, 113
What are the prime factors of 2240?
2, 5, 7
What are the prime factors of 1550?
2, 5, 31
List the prime factors of 1719.
3, 191
List the prime factors of 30552.
2, 3, 19, 67
List the prime factors of 31873.
31873
List the prime factors of 67129.
67129
What are the prime factors of 516?
2, 3, 43
List the prime factors of 77388.
2, 3, 6449
List the prime factors of 60.
2, 3, 5
List the prime factors of 4045.
5, 809
List the prime factors of 572.
2, 11, 13
What are the prime factors of 2927?
2927
List the prime factors of 6101.
6101
List the prime factors of 32929.
13, 17, 149
What are the prime factors of 29439?
3, 3271
List the prime factors of 1225.
5, 7
What are the prime factors of 16900?
2, 5, 13
List the prime factors of 7016.
2, 877
List the prime factors of 5128.
2, 641
What are the prime factors of 72?
2, 3
What are the prime factors of 5437?
5437
What are the prime factors of 53465?
5, 17, 37
List the prime factors of 6229.
6229
List the prime factors of 19088.
2, 1193
List the prime factors of 13161.
3, 41, 107
What are the prime factors of 29736?
2, 3, 7, 59
List the prime factors of 1926.
2, 3, 107
List the prime factors of 9806.
2, 4903
What are the prime factors of 483?
3, 7, 23
What are the prime factors of 20153?
7, 2879
What are the prime factors of 18124?
2, 23, 197
What are the prime factors of 1736?
2, 7, 31
What are the prime factors of 1785?
3, 5, 7, 17
List the prime factors of 1501.
19, 79
List the prime factors of 6864.
2, 3, 11, 13
List the prime factors of 1814.
2, 907
List the prime factors of 228.
2, 3, 19
What are the prime factors of 130299?
3, 13, 257
What are the prime factors of 2421?
3, 269
List the prime factors of 90972.
2, 3, 7, 19
List the prime factors of 9577.
61, 157
List the prime factors of 43208.
2, 11, 491
What are the prime factors of 4242?
2, 3, 7, 101
What are the prime factors of 62761?
62761
What are the prime factors of 89712?
2, 3, 7, 89
List the prime factors of 4947.
3, 17, 97
What are the prime factors of 5927?
5927
What are the prime factors of 53807?
13, 4139
List the prime factors of 14159.
14159
List the prime factors of 367.
367
What are the prime factors of 2284?
2, 571
What are the prime factors of 3072?
2, 3
List the prime factors of 755.
5, 151
What are the prime factors of 2351?
2351
List the prime factors of 3669.
3, 1223
What are the prime factors of 47324?
2, 11831
List the prime factors of 646.
2, 17, 19
List the prime factors of 12330.
2, 3, 5, 137
What are the prime factors of 15515?
5, 29, 107
What are the prime factors of 10436?
2, 2609
List the prime factors of 76.
2, 19
What are the prime factors of 3223?
11, 293
What are the prime factors of 40062?
2, 3, 11, 607
List the prime factors of 29226.
2, 3, 4871
List the prime factors of 66021.
3, 59, 373
What are the prime factors of 1697?
1697
List the prime factors of 33569.
33569
List the prime factors of 128427.
3, 13, 37, 89
List the prime factors of 278.
2, 139
What are the prime factors of 12308?
2, 17, 181
List the prime factors of 102614.
2, 51307
List the prime factors of 3762.
2, 3, 11, 19
List the prime factors of 1387.
19, 73
What are the prime factors of 101?
101
What are the prime factors of 12686?
2, 6343
What are the prime factors of 3038?
2, 7, 31
List the prime factors of 368.
2, 23
List the prime factors of 6570.
2, 3, 5, 73
What are the prime factors of 1630?
2, 5, 163
What are the prime factors of 1195?
5, 239
What are the prime factors of 1281?
3, 7, 61
What are the prime factors of 83810?
2, 5, 17, 29
What are the prime factors of 5315?
5, 1063
List the prime factors of 937.
937
What are the prime factors of 683?
683
List the prime factors of 14929.
14929
List the prime factors of 12127.
67, 181
What are the prime factors of 1299?
3, 433
What are the prime factors of 174254?
2, 151, 577
What are the prime factors of 3160?
2, 5, 79
List the prime factors of 22726.
2, 11, 1033
What are the prime factors of 33067?
43, 769
List the prime factors of 14595.
3, 5, 7, 139
List the prime factors of 1043.
7, 149
List the prime factors of 73048.
2, 23, 397
What are the prime factors of 43154?
2, 21577
List the prime factors of 45462.
2, 3, 7577
List the prime factors of 534.
2, 3, 89
List the prime factors of 3714.
2, 3, 619
List the prime factors of 1405.
5, 281
List the prime factors of 5855.
5, 1171
List the prime factors of 7428.
2, 3, 619
List the prime factors of 95637.
3, 71, 449
List the prime factors of 35117.
35117
What are the prime factors of 11747?
17, 691
What are the prime factors of 1508?
2, 13, 29
List the prime factors of 8696.
2, 1087
List the prime factors of 9379.
83, 113
What are the prime factors of 10736?
2, 11, 61
List the prime factors of 9781.
9781
List the prime factors of 900.
2, 3, 5
List the prime factors of 2935.
5, 587
List the prime factors of 780.
2, 3, 5, 13
What are the prime factors of 767?
13, 59
What are the prime factors of 2368?
2, 37
What are the prime factors of 76697?
76697
List the prime factors of 37938.
2, 3, 63